?
-8d
In base 6, what is 3222 + -5?
3213
In base 8, what is -776 - -2?
-774
In base 16, what is -4 - -177?
173
In base 2, what is -1010 + -100101001?
-100110011
In base 11, what is 2 - -1366?
1368
In base 8, what is 145 - -13?
160
In base 6, what is -4 + 14255?
14251
In base 14, what is 3b0 + 2?
3b2
In base 9, what is -8 + -7?
-16
In base 12, what is 27a + -5?
275
In base 12, what is 1368 - -4?
1370
In base 12, what is 50 - -3?
53
In base 14, what is 4 + a5?
a9
In base 8, what is -26 - 13?
-41
In base 12, what is 321 - -2?
323
In base 13, what is 39 - -4?
40
In base 11, what is 69 - -6?
74
In base 14, what is 0 + -1d?
-1d
In base 15, what is 10 - 66?
-56
In base 15, what is 0 + -114?
-114
In base 4, what is 1211 + 3?
1220
In base 2, what is 110110011100 - -1?
110110011101
In base 8, what is -720 - -3?
-715
In base 11, what is -1 - 94?
-95
In base 7, what is -5 + -12460?
-12465
In base 4, what is 0 - 320?
-320
In base 4, what is 2332 + 21?
3013
In base 4, what is -10 + 10211?
10201
In base 16, what is -846 - 1?
-847
In base 6, what is 2 - 30?
-24
In base 3, what is 1 - -12011?
12012
In base 4, what is 31 - -23031?
23122
In base 3, what is -12 + -11?
-100
In base 16, what is e2 + 2?
e4
In base 9, what is -4 - -323?
318
In base 12, what is 0 - -49?
49
In base 16, what is 132 + -16?
11c
In base 11, what is -26 + 16?
-10
In base 14, what is -1c + 168?
14a
In base 14, what is 13 - 33?
-20
In base 14, what is ca + 1?
cb
In base 3, what is 0 + -1201011?
-1201011
In base 12, what is 3 + 1b?
22
In base 3, what is 122 + -12202?
-12010
In base 13, what is -2 - 462?
-464
In base 12, what is 3 + 97a?
981
In base 10, what is 0 - -385?
385
In base 16, what is 3026 - 3?
3023
In base 7, what is 453 + 4?
460
In base 15, what is 87 + 1?
88
In base 15, what is 6 + -c1?
-ba
In base 13, what is -4 - -26?
22
In base 8, what is -111050 + -4?
-111054
In base 12, what is -1 - -29?
28
In base 7, what is 6 - 25?
-16
In base 14, what is -18b + 5?
-186
In base 12, what is 8 - 108?
-100
In base 16, what is -1 + -1002?
-1003
In base 7, what is -5 + -600?
-605
In base 15, what is -2 - 80?
-82
In base 13, what is -3b - c7?
-135
In base 16, what is a5 + 2?
a7
In base 12, what is -9 + -52?
-5b
In base 8, what is -10 - 21?
-31
In base 9, what is 114 + 0?
114
In base 3, what is 10 - -22210?
22220
In base 12, what is -14b - -a?
-141
In base 10, what is -3 - -317?
314
In base 13, what is 1 - -9?
a
In base 6, what is -11003 + -3?
-11010
In base 4, what is -3022 - 0?
-3022
In base 2, what is 11001 + -1000?
10001
In base 10, what is 0 + -2930?
-2930
In base 14, what is 2 + d?
11
In base 15, what is 523 - -1d?
541
In base 8, what is 4 + -764?
-760
In base 12, what is -2 + -4a?
-50
In base 3, what is -222010 + 12?
-221221
In base 8, what is -2 + 542?
540
In base 16, what is 1 - 153?
-152
In base 13, what is 1b + 1c?
3a
In base 14, what is -7 + 19a0?
1997
In base 16, what is 2d8 - -3?
2db
In base 9, what is -5 + 1424?
1418
In base 5, what is -24 + -200?
-224
In base 14, what is -125b + 1?
-125a
In base 2, what is -1001 + -110000111?
-110010000
In base 9, what is 0 + -1620?
-1620
In base 3, what is -10 + 211?
201
In base 10, what is -31 + -12?
-43
In base 10, what is -4 + -11?
-15
In base 10, what is 58 - 1?
57
In base 3, what is 20 - -12001?
12021
In base 6, what is 412332 - -5?
412341
In base 12, what is 3 - 48?
-45
In base 15, what is -54 - -83?
2e
In base 16, what is -1 - 69?
-6a
In base 2, what is 11 + 100111?
101010
In base 16, what is -1 + 125?
124
In base 4, what is 10 - 2000?
-1330
In base 13, what is -44c + -16?
-465
In base 8, what is -27 + 3?
-24
In base 14, what is -1b3 + -b?
-1c0
In base 16, what is 2e0 + 0?
2e0
In base 6, what is 1 + -120?
-115
In base 10, what is 5 - -544?
549
In base 13, what is -14 + 2?
-12
In base 6, what is -15144 - 5?
-15153
In base 8, what is -10 - 121?
-131
In base 2, what is 1000000011 + 11?
1000000110
In base 15, what is 26c + 2?
26e
In base 16, what is 1 - 110?
-10f
In base 8, what is 703 - -1?
704
In base 12, what is -90 + 41?
-4b
In base 14, what is 22d + 7?
236
In base 5, what is 23402 - 10?
23342
In base 3, what is 11022 + -1?
11021
In base 12, what is -3 - -201?
1ba
In base 16, what is 11cc - 5?
11c7
In base 13, what is -3 + -33?
-36
In base 7, what is -63 + 51?
-12
In base 13, what is c - -a?
19
In base 4, what is 22 - 3?
13
In base 11, what is 2 - -19?
20
In base 13, what is -4 + 1c?
18
In base 12, what is -4 + -203?
-207
In base 16, what is -5 - -24f?
24a
In base 3, what is 101000010 - 1?
101000002
In base 9, what is -31 + -485?
-526
In base 3, what is -12 - 202021?
-202110
In base 4, what is -1 - -102030?
102023
In base 16, what is 1 - 70?
-6f
In base 9, what is -4 + 165?
161
In base 9, what is 361 + 4?
365
In base 11, what is -3 + -a?
-12
In base 10, what is -5 - -26?
21
In base 8, what is 2 - 170?
-166
In base 12, what is -133 - 23?
-156
In base 11, what is -2334 + 5?
-232a
In base 3, what is 101210002 + 1?
101210010
In base 10, what is -1402 + 5?
-1397
In base 4, what is -23332 + -11?
-30003
In base 4, what is -10 + -300?
-310
In base 4, what is 11220 - -11?
11231
In base 15, what is -5a2 + 1?
-5a1
In base 2, what is -111 - 100001100111?
-100001101110
In base 5, what is -3 + 4242?
4234
In base 12, what is 2 - 21?
-1b
In base 12, what is -1916 - 2?
-1918
In base 10, what is 9 - -92?
101
In base 11, what is 2a7 - 5a?
248
In base 14, what is -6c - 4?
-72
In base 14, what is 4d + -4?
49
In base 6, what is 33 - -3?
40
In base 11, what is -1 + -1a2?
-1a3
In base 6, what is 4 + 33455?
33503
In base 15, what is 1 - -ca?
cb
In base 9, what is -178 - 8?
-187
In base 2, what is 11000010 - 10?
11000000
In base 11, what is 5 + 431?
436
In base 13, what is -189 - -6?
-183
In base 14, what is 2 + -5c?
-5a
In base 7, what is 453 - 0?
453
In base 10, what is 2 + 128?
130
In base 8, what is 324 + 0?
324
In base 10, what is 19409 + -5?
19404
In base 11, what is 27 - -2a?
56
In base 9, what is -25 - -88?
63
In base 14, what is c3 - 4?
bd
In base 12, what is -3 + -469?
-470
In base 8, what is 125 + 1?
126
In base 5, what is -3114 - -3?
-3111
In base 7, what is -11 + 161?
150
In base 12, what is -317 - 5?
-320
In base 14, what is 3 + 16?
19
In base 4, what is 1232 + 1?
1233
In base 8, what is -32 + 34?
2
In base 11, what is -855 + -4?
-859
In base 3, what is 1002 + 100210?
101212
In base 9, what is 47 - -35?
83
In base 5, what is -3 - 334?
-342
In base 7, what is -66 + 64?
-2
In base 2, what is 101111 - -100?
110011
In base 10, what is -48 + 4?
-44
In base 14, what is -25 + 66?
41
In base 6, what is 22 + 51?
113
In base 12, what is 1 - -165?
166
In base 2, what is -1010 - -111101000?
111011110
In base 15, what is -217 + 0?
-217
In base 2, what is 0 + 1001100?
1001100
In base 13, what is 1 - 983?
-982
In base 8, what is -3337 - -11?
-3326
In base 2, what is 0 + -1011110001?
-1011110001
In base 8, what is 33 + -105?
-52
In base 7, what is 3036 + -4?
3032
In base 7, what is -5 + -520?
-525
In base 10, what is -6 + -162?
-168
In base 14, what is 0 - -15?
15
In base 13, what is 2 + -213?
-211
In base 7, what is -5 - 25144?
-25152
In base 9, what is 7 - 1?
6
In base 6, what is 553 + 1?
554
In base 14, what is 7 - ab?
-a4
In base 6, what is 333 - -5?
342
In base 13, what is a94 + 4?
a98
In base 8, what is 31 - 0?
31
In base 6, what is -5 - 1113?
-1122
In base 13, what is 1 + 22a?
22b
In base 15, what is c00 + 4?
c04
In base 7, what is 1 + -23?
-22
In base 15, what is -89 + 3?
-86
In base 11, what is 54a + 4?
553
In base 12, what is -2 + -21?
-23
In base 15, what is -1a + 8?
-12
In base 5, what is -10 + 214?
204
In base 5, what is 21 + 24?
100
In base 12, what is 3 - 209?
-206
In base 11, what is -932 + -1?
-933
In base 8, what is -450 - -2?
-446
In base 3, what is 1210 - 10?
1200
In base 8, what is -72 - 4?
-76
In base 13, what is -8 + -5?
-10
In base 2, what is 110011001 + -111?
110010010
In base 13, what is -182 + -1a?
-19c
In base 10, what is 5 + -6?
-1
In base 13, what is 15 + 35?
4a
In base 10, what is 21 + -8?
13
In base 15, what is 3 + 95b?
95e
In base 14, what is 1714 - 1?
1713
In base 10, what is 15 - -16?
31
In base 12, what is -326 - -1?
-325
In base 15, what is -4 - 5?
-9
In base 16, what is 1f3 + -3?
1f0
In base 9, what is 23 - 220?
-186
In base 3